)/((-1)/(-32)). What is the highest common factor of c and j?
21
Let q = 8976 + -8974. Let s = -14 + 20. Calculate the greatest common factor of q and s.
2
Suppose -23*w + 33*w = -3*r + 564, -5*w = -3*r + 564. What is the greatest common divisor of r and 6486?
94
Suppose -4*s = 0, 5*u + 4*s - 1020 = 6*s. Suppose -11*x + 6*x - 71 = -m, 8*m - 4*x = 316. Calculate the greatest common factor of m and u.
12
Suppose -7*b + 3*b + 11 = -c, -c + 17 = 3*b. Calculate the highest common divisor of c and 1205.
5
Suppose -523*r + 1005*r - 507*r = -4050. Calculate the greatest common divisor of 10368 and r.
162
Suppose -6 = -4*d + 2*w, -d + 5 = w - 4. Suppose 799 = -5*x + 10*x - s, d*x - s - 639 = 0. Calculate the highest common factor of x and 32.
32
Let q be 2/(3/(-10) - (-3 - (-335)/125)). Let z(j) = j**2 - j - 2. Let h be z(-6). What is the greatest common factor of h and q?
20
Let k be (-2 - 168/(-77)) + (-702)/(-11). Suppose 32 = 4*g - k. What is the greatest common divisor of g and 108?
12
Let b = 5555 - 1099. What is the highest common factor of 8 and b?
8
Let k = 4580 - 4124. What is the greatest common divisor of 96 and k?
24
Let m(o) = o**2 - o - 48. Let y be (2/(-6))/(4/276). Let l be m(y). Calculate the highest common divisor of 9 and l.
9
Let n be 32/(-3)*27/(-3). Suppose 19*s + 1381 = 13. Let v be (26/78)/((-2)/s). What is the greatest common divisor of v and n?
12
Let j be 2/(-2)*11/(77/(-42)). Let n be (-3)/j*-10*1. Let o be 39/n - ((-11)/5 - -2). Calculate the greatest common divisor of 8 and o.
8
Let y(d) = 28*d - 424. Let p be y(16). Calculate the greatest common divisor of p and 3488.
8
Let t be 3 - (2 + -4 + 1). Let l be t/6*(-45)/(-3). Let u be 882/70 + 4/l. What is the greatest common factor of u and 65?
13
Suppose 2*w - 8 = -2*l + 118, 2*w + 280 = 5*l. Let v = -32514 + 32949. What is the highest common divisor of v and l?
29
Let n be 26/16*-2*(8 - 268). Suppose -5*z + n = j, -524 = -2*z - z - 4*j. What is the highest common divisor of 6 and z?
6
Suppose 13*q = 3*q + 1880. Let z = q + -100. Suppose 3*k - 3*h - 21 = 0, 3*h + 0*h + 13 = 2*k. Calculate the greatest common divisor of k and z.
8
Suppose 2*h + 1728 = 2*z, 5*z - 3*h = -0*z + 4312. What is the highest common divisor of 32 and z?
4
Suppose 6*v - 6 = 3*v. Suppose -4*y - b = -15, -v*b + 4*b = -10. Suppose 0 = -2*z + 3*z, -5*z = y*t - 10. Calculate the highest common divisor of 32 and t.
2
Suppose -32*a + 1210 = -3*a + 26*a. What is the greatest common factor of 1078 and a?
22
Let l(x) = 236*x + 5. Let q be l(8). Let m = q + -2754. Let y be 3/4 - m/84. What is the greatest common divisor of y and 11?
11
Let b(o) = 3*o + 37. Let w(q) = -1. Let f(z) = b(z) + 6*w(z). Let a be f(-9). Let u be 3*(a/12)/((-1)/(-19)). Calculate the highest common factor of u and 95.
19
Let n be (-1*1)/((-71)/710). Suppose -n*p + 1111 = -9. Calculate the highest common factor of 1 and p.
1
Let m be (24/30)/((-4)/(-10)). Let a be -3 - -2 - -4*(-37)/m. Let o = -73 - a. What is the greatest common factor of 2 and o?
2
Suppose 2*g - 2*o + 286 = -g, -5*o = -5*g - 480. Let z = g + 95. Suppose 444 = 2*n - 4*b, b = 2 - z. Calculate the highest common factor of n and 14.
14
Let w be (-3 - -889)*25*1 + (1 - -5). What is the highest common divisor of 58 and w?
58
Let b be (-20)/(-6) + 1/(-3). Suppose 8*p + 6*p - 55*p + 1722 = 0. What is the highest common factor of p and b?
3
Let w(a) = a**2 + 29*a + 181. Let l(j) = -15*j - 174. Let t be l(-11). Let c be w(t). Calculate the highest common factor of c and 24.
1
Let v(i) = -i**2 + 3*i + 65. Let y be v(-7). Let n(c) = -c**2 - 23*c - 73. Let f be n(y). Calculate the highest common divisor of f and 136.
17
Let g = -38 + 173. Suppose -14 = 12*y - 74. Let w = 49 + y. What is the greatest common factor of w and g?
27
Suppose -332*p + 333*p = 2*j - 14453, p + 7228 = j. What is the greatest common factor of j and 25?
25
Let o(j) = -j**3 + 12*j**3 + 7*j**3 + j - 2*j**2. Let w be o(2). Let q = w - -24. Calculate the greatest common divisor of 18 and q.
18
Let m(t) = -t**3 + 2*t**2 + 3*t. Let z be m(3). Suppose s + s - 256 = z. Let x be 17 - ((-35)/(-30) + 2/(-12)). What is the highest common divisor of x and s?
16
Suppose 11*i + 16 = -94. Let f(b) = -9*b + 48. Let v be f(i). Calculate the highest common factor of v and 12.
6
Let f(n) = 1287*n - 11577. Let x be f(9). Let g be (0 - (3 - 1)) + 17. Calculate the highest common divisor of x and g.
3
Let v(p) = -343*p - 441. Let j be v(-3). Calculate the greatest common divisor of j and 420.
84
Suppose -41 = r + 74. Let i = 116 + r. What is the highest common divisor of i and 21?
1
Let j be (0 - (-222)/(-6))*(-3)/3. Let t = j + -29. Let n be 0 + 1 + (2 - 1). Calculate the greatest common factor of n and t.
2
Suppose -144*b = -26506 + 3609 - 81647. What is the highest common divisor of 55 and b?
11
Let z be 843840/768 - ((-26)/8 + 2). Calculate the highest common divisor of 44 and z.
44
Let b(y) = 6*y. Suppose 2 - 11 = -3*f. Let h be b(f). Let q be (h*6/9)/2. What is the highest common factor of q and 2?
2
Let j = -76 - -136. Let g = 2720 - 2555. What is the greatest common divisor of j and g?
15
Let j = -108 - -85. Let i = -13 - j. What is the highest common divisor of i and 25?
5
Suppose -3*m = -5*m - 4*d + 2, 4*d + 4 = -4*m. Let z be ((-15)/m)/(-5)*1. Let b be (-3900)/(-18) + z/(-3). Calculate the highest common factor of b and 31.
31
Let n(c) = 11*c**2 + 3*c + 3. Let b be n(-2). Let k = b + 9. Let o = -137 - -147. What is the greatest common divisor of o and k?
10
Let o(h) = -h**2 + 21*h - 25. Let g be o(16). Let d = 81 + g. What is the greatest common factor of 24 and d?
8
Let g(t) = 44*t + 2043. Let h be g(-46). Calculate the greatest common divisor of h and 2603.
19
Let h be 0/(-3*6/9). Suppose 2*q - 315 + 73 = h. Calculate the highest common factor of 22 and q.
11
Let v be ((316/(-3) + 2)/(145/435))/(-2). What is the highest common factor of 10385 and v?
155
Suppose 10 = 2*r + 2*o - 4*o, 0 = -5*r + 2*o + 25. Suppose 4*j - 120 = -3*s, -2 + 22 = r*s. What is the highest common divisor of j and 3?
3
Let h = -38668 + 39172. What is the greatest common divisor of 2898 and h?
126
Let m = 168 - 25. Suppose -u - 3*t = -m, 4*u - 3*t = -u + 715. Suppose -8*c + 2*c = -78. Calculate the highest common factor of u and c.
13
Let v(c) = -c**3 + 17*c**2 + 12*c + 84. Let y be v(14). Suppose 3*i + y = 13*i. What is the greatest common factor of i and 28?
28
Let p(v) = v**3 + 7*v**2 - 2*v - 41. Let z be p(-4). Calculate the greatest common divisor of z and 185.
5
Let t(h) = h**2 + 23 + 2 + 0 - 6*h. Let z be t(-17). Let x = 240 - 188. What is the highest common factor of z and x?
52
Suppose -213*d + 3276 = -174*d. Calculate the greatest common factor of 2478 and d.
42
Suppose -2250 = 150*l - 153*l. Let j be 24/84 - l/(-21). What is the greatest common factor of j and 156?
12
Suppose -n + 3*f + 11 = 0, -20*n + 19*n + 5*f = -7. Calculate the greatest common factor of 8347 and n.
17
Suppose -83*c - 135 = -384. Calculate the highest common factor of c and 945.
3
Suppose 0 = -3*k - 2*g - 651 + 1991, -5*k + 5*g = -2250. Calculate the highest common divisor of k and 1376.
32
Let q = -59 - -113. Let y = 24 - q. Let m = 74 + y. Calculate the highest common divisor of 110 and m.
22
Let h = 2434 - 2261. Let c be (0 + -8)*13 + 0. Let b = c + h. What is the highest common factor of 46 and b?
23
Suppose 0 = 2*a - 16 + 12. Suppose -j + 2*o = 2*j, a*j = 5*o - 11. Calculate the greatest common factor of j and 26.
2
Let g = 11071 - 10084. Calculate the highest common factor of g and 2679.
141
Suppose 15*j - 20*j + 70 = 0. Suppose -u + 49 = 4*t - 6*u, 0 = 4*t + 2*u - j. Suppose 0 = -r - t + 37. Calculate the greatest common divisor of 155 and r.
31
Let p be 5 - (-3 - (-4 + 2)*2). Suppose -p*b = -d + 34, 2*d + b - 54 + 13 = 0. What is the greatest common divisor of 154 and d?
22
Let z = -11630 - -11766. What is the highest common divisor of z and 5848?
136
Let w(l) = 20*l + 165. Let p be w(4). Calculate the greatest common divisor of p and 1085.
35
Let f(y) = -90*y**3 + 17*y**2 + 45*y + 127. Let z be f(-3). What is the greatest common factor of 200 and z?
25
Let h = 610 + -534. Suppose -64 = -2*z - h*t + 75*t, -2*z = 2*t - 62. What is the greatest common facto